{"id":430,"date":"2016-03-09T19:52:10","date_gmt":"2016-03-09T19:52:10","guid":{"rendered":"http:\/\/127.0.0.1\/sitecreci\/?page_id=430"},"modified":"2022-11-08T14:12:13","modified_gmt":"2022-11-08T14:12:13","slug":"secretaria-financeira","status":"publish","type":"page","link":"https:\/\/creci-pa.gov.br\/?page_id=430","title":{"rendered":"Secretaria Financeira"},"content":{"rendered":"\t\t<div data-elementor-type=\"wp-page\" data-elementor-id=\"430\" class=\"elementor elementor-430\" data-elementor-post-type=\"page\">\n\t\t\t\t\t\t<section class=\"elementor-section elementor-top-section elementor-element elementor-element-8396d59 elementor-section-full_width elementor-section-height-min-height elementor-section-height-default elementor-section-items-middle\" data-id=\"8396d59\" data-element_type=\"section\" data-e-type=\"section\" data-settings=\"{&quot;background_background&quot;:&quot;classic&quot;}\">\n\t\t\t\t\t\t\t<div class=\"elementor-background-overlay\"><\/div>\n\t\t\t\t\t\t\t<div class=\"elementor-container elementor-column-gap-default\">\n\t\t\t\t\t<div class=\"elementor-column elementor-col-100 elementor-top-column elementor-element elementor-element-ca298ea\" data-id=\"ca298ea\" data-element_type=\"column\" data-e-type=\"column\">\n\t\t\t<div class=\"elementor-widget-wrap elementor-element-populated\">\n\t\t\t\t\t\t<div class=\"elementor-element elementor-element-42bce4c elementor-widget elementor-widget-heading\" data-id=\"42bce4c\" data-element_type=\"widget\" data-e-type=\"widget\" data-widget_type=\"heading.default\">\n\t\t\t\t<div class=\"elementor-widget-container\">\n\t\t\t\t\t<h2 class=\"elementor-heading-title elementor-size-default\">Secretaria Financeira<\/h2>\t\t\t\t<\/div>\n\t\t\t\t<\/div>\n\t\t\t\t\t<\/div>\n\t\t<\/div>\n\t\t\t\t\t<\/div>\n\t\t<\/section>\n\t\t\t\t<section class=\"elementor-section elementor-top-section elementor-element elementor-element-74ae58d elementor-section-boxed elementor-section-height-default elementor-section-height-default\" data-id=\"74ae58d\" data-element_type=\"section\" data-e-type=\"section\">\n\t\t\t\t\t\t<div class=\"elementor-container elementor-column-gap-default\">\n\t\t\t\t\t<div class=\"elementor-column elementor-col-100 elementor-top-column elementor-element elementor-element-b9fbe71\" data-id=\"b9fbe71\" data-element_type=\"column\" data-e-type=\"column\">\n\t\t\t<div class=\"elementor-widget-wrap elementor-element-populated\">\n\t\t\t\t\t\t<div class=\"elementor-element elementor-element-ff22e98 elementor-widget elementor-widget-text-editor\" data-id=\"ff22e98\" data-element_type=\"widget\" data-e-type=\"widget\" data-widget_type=\"text-editor.default\">\n\t\t\t\t<div class=\"elementor-widget-container\">\n\t\t\t\t\t\t\t\t\t<p>Comanda, coordena e controla a Secretaria Financeira da Autarquia e seus \u00d3rg\u00e3os subordinados. Suas principais atribui\u00e7\u00f5es s\u00e3o:<\/p><p>a) Estudar processo de natureza e complexidade variadas, atinentes \u00e0 \u00e1rea financeira em geral, instituindo-os e emitindo pareceres;<\/p><p>b) Executar e\/ou orientar trabalhos financeiro-cont\u00e1beis de complexidade variada;<\/p><p>c) Colaborar na elabora\u00e7\u00e3o de manuais, bem como na confec\u00e7\u00e3o de formul\u00e1rios para o desenvolvimento e acompanhamento dos trabalhos financeiros, al\u00e9m de outros, quando for o caso;<\/p><p>d) Proceder a c\u00e1lculos de natureza e complexidade variadas, examinando-os e conferindo-os, assim como operar com equipamentos de inform\u00e1tica;<\/p><p>e) Executar confer\u00eancia de trabalhos gerais de digita\u00e7\u00e3o, c\u00e1lculos e outros;<\/p><p>f) Orientar e\/ou supervisionar os trabalhos executados por ocupantes de cargos menos categorizados funcionalmente;<\/p><p>g) Supervisionar a classifica\u00e7\u00e3o e codifica\u00e7\u00e3o de documentos, mantendo organizados os fich\u00e1rios e registros em geral, inclusive os extratos de contas banc\u00e1rias;<\/p><p>h) Elaborar a folha de pagamento do pessoal;<\/p><p>i) Calcular, preparar e providenciar o recolhimento de tributos e contribui\u00e7\u00f5es de responsabilidade da Autarquia;<\/p><p>j) Controlar e remeter as quotas-partes destinadas ao COFECI;<\/p><p>k) Emitir cheques e efetuar pagamentos autorizados;<\/p><p>l) Controlar a emiss\u00e3o de passagens a\u00e9reas;<\/p><p>m) Elaborar e acompanhar a execu\u00e7\u00e3o dos cronogramas de receitas e despesas;<\/p><p>n) Elaborar demonstrativos mensais sobre a execu\u00e7\u00e3o or\u00e7ament\u00e1ria;<\/p><p>o) Executar outras tarefas compat\u00edveis com a natureza do cargo.<\/p>\t\t\t\t\t\t\t\t<\/div>\n\t\t\t\t<\/div>\n\t\t\t\t\t<\/div>\n\t\t<\/div>\n\t\t\t\t\t<\/div>\n\t\t<\/section>\n\t\t\t\t<\/div>\n\t\t","protected":false},"excerpt":{"rendered":"<p>Secretaria Financeira Comanda, coordena e controla a Secretaria Financeira da Autarquia e seus \u00d3rg\u00e3os subordinados. Suas principais atribui\u00e7\u00f5es s\u00e3o: a) Estudar processo de natureza e complexidade variadas, atinentes \u00e0 \u00e1rea financeira em geral, instituindo-os e emitindo pareceres; b) Executar e\/ou orientar trabalhos financeiro-cont\u00e1beis de complexidade variada; c) Colaborar na elabora\u00e7\u00e3o de manuais, bem como na [&hellip;]<\/p>\n","protected":false},"author":31,"featured_media":0,"parent":424,"menu_order":0,"comment_status":"closed","ping_status":"closed","template":"elementor_header_footer","meta":{"_exactmetrics_skip_tracking":false,"_exactmetrics_sitenote_active":false,"_exactmetrics_sitenote_note":"","_exactmetrics_sitenote_category":0,"footnotes":""},"class_list":["post-430","page","type-page","status-publish","hentry"],"_links":{"self":[{"href":"https:\/\/creci-pa.gov.br\/index.php?rest_route=\/wp\/v2\/pages\/430","targetHints":{"allow":["GET"]}}],"collection":[{"href":"https:\/\/creci-pa.gov.br\/index.php?rest_route=\/wp\/v2\/pages"}],"about":[{"href":"https:\/\/creci-pa.gov.br\/index.php?rest_route=\/wp\/v2\/types\/page"}],"author":[{"embeddable":true,"href":"https:\/\/creci-pa.gov.br\/index.php?rest_route=\/wp\/v2\/users\/31"}],"replies":[{"embeddable":true,"href":"https:\/\/creci-pa.gov.br\/index.php?rest_route=%2Fwp%2Fv2%2Fcomments&post=430"}],"version-history":[{"count":9,"href":"https:\/\/creci-pa.gov.br\/index.php?rest_route=\/wp\/v2\/pages\/430\/revisions"}],"predecessor-version":[{"id":12416,"href":"https:\/\/creci-pa.gov.br\/index.php?rest_route=\/wp\/v2\/pages\/430\/revisions\/12416"}],"up":[{"embeddable":true,"href":"https:\/\/creci-pa.gov.br\/index.php?rest_route=\/wp\/v2\/pages\/424"}],"wp:attachment":[{"href":"https:\/\/creci-pa.gov.br\/index.php?rest_route=%2Fwp%2Fv2%2Fmedia&parent=430"}],"curies":[{"name":"wp","href":"https:\/\/api.w.org\/{rel}","templated":true}]}}